{"id":52,"date":"2020-02-06T16:09:05","date_gmt":"2020-02-06T15:09:05","guid":{"rendered":"http:\/\/preteam.se\/?page_id=52"},"modified":"2025-08-13T10:10:18","modified_gmt":"2025-08-13T08:10:18","slug":"om-preteam","status":"publish","type":"page","link":"https:\/\/preteam.se\/?page_id=52","title":{"rendered":"AFF\u00c4RSID\u00c9 &#038; VISION"},"content":{"rendered":"\t\t<div data-elementor-type=\"wp-page\" data-elementor-id=\"52\" class=\"elementor elementor-52\" data-elementor-post-type=\"page\">\n\t\t\t\t\t\t<section class=\"elementor-section elementor-top-section elementor-element elementor-element-ff2a7b6 elementor-section-boxed elementor-section-height-default elementor-section-height-default\" data-id=\"ff2a7b6\" data-element_type=\"section\">\n\t\t\t\t\t\t<div class=\"elementor-container elementor-column-gap-default\">\n\t\t\t\t\t<div class=\"elementor-column elementor-col-100 elementor-top-column elementor-element elementor-element-6189ded\" data-id=\"6189ded\" data-element_type=\"column\">\n\t\t\t<div class=\"elementor-widget-wrap elementor-element-populated\">\n\t\t\t\t\t\t<div class=\"elementor-element elementor-element-fd7e889 elementor-widget elementor-widget-image\" data-id=\"fd7e889\" data-element_type=\"widget\" data-widget_type=\"image.default\">\n\t\t\t\t<div class=\"elementor-widget-container\">\n\t\t\t\t\t\t\t\t\t\t\t\t\t\t\t<img fetchpriority=\"high\" decoding=\"async\" width=\"980\" height=\"360\" src=\"https:\/\/preteam.se\/wp-content\/uploads\/2020\/02\/dreamstime_m_1789133f_980x360.jpg\" class=\"attachment-large size-large wp-image-200\" alt=\"\" srcset=\"https:\/\/preteam.se\/wp-content\/uploads\/2020\/02\/dreamstime_m_1789133f_980x360.jpg 980w, https:\/\/preteam.se\/wp-content\/uploads\/2020\/02\/dreamstime_m_1789133f_980x360-300x110.jpg 300w, https:\/\/preteam.se\/wp-content\/uploads\/2020\/02\/dreamstime_m_1789133f_980x360-768x282.jpg 768w\" sizes=\"(max-width: 980px) 100vw, 980px\" \/>\t\t\t\t\t\t\t\t\t\t\t\t\t\t\t<\/div>\n\t\t\t\t<\/div>\n\t\t\t\t\t<\/div>\n\t\t<\/div>\n\t\t\t\t\t<\/div>\n\t\t<\/section>\n\t\t\t\t<section class=\"elementor-section elementor-top-section elementor-element elementor-element-6f4299e elementor-section-boxed elementor-section-height-default elementor-section-height-default\" data-id=\"6f4299e\" data-element_type=\"section\" data-settings=\"{&quot;background_background&quot;:&quot;classic&quot;}\">\n\t\t\t\t\t\t<div class=\"elementor-container elementor-column-gap-default\">\n\t\t\t\t\t<div class=\"elementor-column elementor-col-100 elementor-top-column elementor-element elementor-element-71a116f\" data-id=\"71a116f\" data-element_type=\"column\" data-settings=\"{&quot;background_background&quot;:&quot;classic&quot;}\">\n\t\t\t<div class=\"elementor-widget-wrap elementor-element-populated\">\n\t\t\t\t\t\t<div class=\"elementor-element elementor-element-8b61db2 elementor-widget elementor-widget-heading\" data-id=\"8b61db2\" data-element_type=\"widget\" data-widget_type=\"heading.default\">\n\t\t\t\t<div class=\"elementor-widget-container\">\n\t\t\t\t\t<h2 class=\"elementor-heading-title elementor-size-default\">AFF\u00c4RSID\u00c9 &amp; VISION<\/h2>\t\t\t\t<\/div>\n\t\t\t\t<\/div>\n\t\t\t\t<div class=\"elementor-element elementor-element-60ff19e elementor-widget-divider--view-line elementor-widget elementor-widget-divider\" data-id=\"60ff19e\" data-element_type=\"widget\" data-widget_type=\"divider.default\">\n\t\t\t\t<div class=\"elementor-widget-container\">\n\t\t\t\t\t\t\t<div class=\"elementor-divider\">\n\t\t\t<span class=\"elementor-divider-separator\">\n\t\t\t\t\t\t<\/span>\n\t\t<\/div>\n\t\t\t\t\t\t<\/div>\n\t\t\t\t<\/div>\n\t\t\t\t<div class=\"elementor-element elementor-element-1a57e3c elementor-widget elementor-widget-text-editor\" data-id=\"1a57e3c\" data-element_type=\"widget\" data-widget_type=\"text-editor.default\">\n\t\t\t\t<div class=\"elementor-widget-container\">\n\t\t\t\t\t\t\t\t\t<p>Aff\u00e4rsid\u00e9<\/p>\t\t\t\t\t\t\t\t<\/div>\n\t\t\t\t<\/div>\n\t\t\t\t<div class=\"elementor-element elementor-element-7e3ef09 elementor-widget elementor-widget-text-editor\" data-id=\"7e3ef09\" data-element_type=\"widget\" data-widget_type=\"text-editor.default\">\n\t\t\t\t<div class=\"elementor-widget-container\">\n\t\t\t\t\t\t\t\t\t<div class=\"eight columns \"><p>PreTeams aff\u00e4rsid\u00e9 \u00e4r att erbjuda telemarketingtj\u00e4nster som hj\u00e4lper f\u00f6retag att kommunicera med sina m\u00e5lgrupper p\u00e5 ett enkelt, kostnadseffektivt och professionellt s\u00e4tt.<br \/>V\u00e5r m\u00e5ls\u00e4ttning \u00e4r att vara den b\u00e4sta l\u00f6sningen f\u00f6r v\u00e5ra kunder n\u00e4r det g\u00e4ller telemarketing och m\u00f6tesbokning. Med personligt engagemang i varje uppdrag f\u00f6r varje kund.<br \/>PreTeams kunder finns mestadels i och runt G\u00f6teborg men \u00e4ven i andra delar av Sverige. Vi arbetar fr\u00e4mst med telemarketing inom B2B men \u00e4ven till viss del inom B2C.<\/p><\/div>\t\t\t\t\t\t\t\t<\/div>\n\t\t\t\t<\/div>\n\t\t\t\t<div class=\"elementor-element elementor-element-8372875 elementor-widget elementor-widget-text-editor\" data-id=\"8372875\" data-element_type=\"widget\" data-widget_type=\"text-editor.default\">\n\t\t\t\t<div class=\"elementor-widget-container\">\n\t\t\t\t\t\t\t\t\t<p>Vision<\/p>\t\t\t\t\t\t\t\t<\/div>\n\t\t\t\t<\/div>\n\t\t\t\t<div class=\"elementor-element elementor-element-21cd433 elementor-widget elementor-widget-text-editor\" data-id=\"21cd433\" data-element_type=\"widget\" data-widget_type=\"text-editor.default\">\n\t\t\t\t<div class=\"elementor-widget-container\">\n\t\t\t\t\t\t\t\t\t<div class=\"eight columns \">\n<p>PreTeam \u00e4r ett professionellt telemarketingf\u00f6retag med h\u00f6g servicek\u00e4nsla. Vi skall vara ett innovativt och p\u00e5litligt f\u00f6retag med stark ansvarsk\u00e4nsla i det dagliga arbetet.<br>Det \u00e4r ocks\u00e5 viktigt att PreTeam \u00e4r en ambiti\u00f6s och trevlig arbetsplats. D\u00e4rf\u00f6r \u00e4r valet av varje enskild medarbetare otroligt viktigt. Tillsammans bildar vi det team som p\u00e5 b\u00e4sta s\u00e4tt kan ta hand om varje enskilt uppdrag vi f\u00e5r.<\/p>\n<\/div>\t\t\t\t\t\t\t\t<\/div>\n\t\t\t\t<\/div>\n\t\t\t\t\t<\/div>\n\t\t<\/div>\n\t\t\t\t\t<\/div>\n\t\t<\/section>\n\t\t\t\t<\/div>\n\t\t","protected":false},"excerpt":{"rendered":"<p>AFF\u00c4RSID\u00c9 &amp; VISION Aff\u00e4rsid\u00e9 PreTeams aff\u00e4rsid\u00e9 \u00e4r att erbjuda telemarketingtj\u00e4nster som hj\u00e4lper f\u00f6retag att kommunicera med sina m\u00e5lgrupper p\u00e5 ett enkelt, kostnadseffektivt och professionellt s\u00e4tt. V\u00e5r m\u00e5ls\u00e4ttning \u00e4r att vara den b\u00e4sta l\u00f6sningen f\u00f6r v\u00e5ra kunder n\u00e4r det g\u00e4ller telemarketing och m\u00f6tesbokning. Med personligt engagemang i varje uppdrag f\u00f6r varje kund. PreTeams kunder finns mestadels [&hellip;]<\/p>\n","protected":false},"author":1,"featured_media":0,"parent":0,"menu_order":0,"comment_status":"closed","ping_status":"closed","template":"","meta":{"site-sidebar-layout":"no-sidebar","site-content-layout":"page-builder","ast-site-content-layout":"default","site-content-style":"default","site-sidebar-style":"default","ast-global-header-display":"","ast-banner-title-visibility":"","ast-main-header-display":"","ast-hfb-above-header-display":"","ast-hfb-below-header-display":"","ast-hfb-mobile-header-display":"","site-post-title":"disabled","ast-breadcrumbs-content":"","ast-featured-img":"disabled","footer-sml-layout":"","theme-transparent-header-meta":"default","adv-header-id-meta":"","stick-header-meta":"","header-above-stick-meta":"","header-main-stick-meta":"","header-below-stick-meta":"","astra-migrate-meta-layouts":"default","ast-page-background-enabled":"default","ast-page-background-meta":{"desktop":{"background-color":"","background-image":"","background-repeat":"repeat","background-position":"center center","background-size":"auto","background-attachment":"scroll","background-type":"","background-media":"","overlay-type":"","overlay-color":"","overlay-opacity":"","overlay-gradient":""},"tablet":{"background-color":"","background-image":"","background-repeat":"repeat","background-position":"center center","background-size":"auto","background-attachment":"scroll","background-type":"","background-media":"","overlay-type":"","overlay-color":"","overlay-opacity":"","overlay-gradient":""},"mobile":{"background-color":"","background-image":"","background-repeat":"repeat","background-position":"center center","background-size":"auto","background-attachment":"scroll","background-type":"","background-media":"","overlay-type":"","overlay-color":"","overlay-opacity":"","overlay-gradient":""}},"ast-content-background-meta":{"desktop":{"background-color":"var(--ast-global-color-5)","background-image":"","background-repeat":"repeat","background-position":"center center","background-size":"auto","background-attachment":"scroll","background-type":"","background-media":"","overlay-type":"","overlay-color":"","overlay-opacity":"","overlay-gradient":""},"tablet":{"background-color":"var(--ast-global-color-5)","background-image":"","background-repeat":"repeat","background-position":"center center","background-size":"auto","background-attachment":"scroll","background-type":"","background-media":"","overlay-type":"","overlay-color":"","overlay-opacity":"","overlay-gradient":""},"mobile":{"background-color":"var(--ast-global-color-5)","background-image":"","background-repeat":"repeat","background-position":"center center","background-size":"auto","background-attachment":"scroll","background-type":"","background-media":"","overlay-type":"","overlay-color":"","overlay-opacity":"","overlay-gradient":""}},"footnotes":""},"class_list":["post-52","page","type-page","status-publish","hentry"],"_links":{"self":[{"href":"https:\/\/preteam.se\/index.php?rest_route=\/wp\/v2\/pages\/52","targetHints":{"allow":["GET"]}}],"collection":[{"href":"https:\/\/preteam.se\/index.php?rest_route=\/wp\/v2\/pages"}],"about":[{"href":"https:\/\/preteam.se\/index.php?rest_route=\/wp\/v2\/types\/page"}],"author":[{"embeddable":true,"href":"https:\/\/preteam.se\/index.php?rest_route=\/wp\/v2\/users\/1"}],"replies":[{"embeddable":true,"href":"https:\/\/preteam.se\/index.php?rest_route=%2Fwp%2Fv2%2Fcomments&post=52"}],"version-history":[{"count":16,"href":"https:\/\/preteam.se\/index.php?rest_route=\/wp\/v2\/pages\/52\/revisions"}],"predecessor-version":[{"id":343,"href":"https:\/\/preteam.se\/index.php?rest_route=\/wp\/v2\/pages\/52\/revisions\/343"}],"wp:attachment":[{"href":"https:\/\/preteam.se\/index.php?rest_route=%2Fwp%2Fv2%2Fmedia&parent=52"}],"curies":[{"name":"wp","href":"https:\/\/api.w.org\/{rel}","templated":true}]}}